t(7). List the prime factors of 16/20 + 2724/l.
137
Suppose 0 = 2*o + 5*s - 5152, 5932 = 3*o - 4*s - 1773. What are the prime factors of o?
3, 857
Let z(h) = -h**2 + 5*h + 2. Let q be z(5). Suppose -4*w - 3*x = -1550, -2*w = -q*x - x - 784. List the prime factors of w.
389
Let a(n) be the first derivative of 224*n**3/3 - 11*n**2/2 - 22*n - 202. List the prime factors of a(-2).
2, 7
Let b(w) = 9*w**2 - 170*w - 212. What are the prime factors of b(-62)?
2, 11, 1021
Let f be -2*(-201)/(-6) - -2. Let z = -58 - f. Suppose z*u - 512 = 3*u. What are the prime factors of u?
2
What are the prime factors of (-4*98810)/(-10) - 144/(-18)?
2, 9883
Let q(b) = -5*b**2 - 9*b - 18. Let z(m) = -6*m**2 - 8*m - 18. Let j(o) = -5*q(o) + 4*z(o). What are the prime factors of j(-19)?
2, 3, 11
List the prime factors of 1936926/46 + 11/((-9108)/72).
13, 41, 79
Let i(m) = 2*m**3 - 8*m**2 + 13*m - 2. Let q be i(7). Let j = q + -309. List the prime factors of j.
2, 37
Suppose -30 = -3*z - 3*w, 5*z - 42 = -3*w - 0. Suppose 2*g - z*g = -1980. Suppose 10*q - 15*q + g = 0. List the prime factors of q.
3, 11
Suppose 0 = -4*m + o + 20, 4*o = -3*m + o + 15. Let n(t) = -63*t - 177. Let l(a) = 25*a + 71. Let b(h) = m*n(h) + 12*l(h). List the prime factors of b(-8).
3, 29
Let k be -8 + (6 - 2) + 13. Let q(j) = -17*j + 37. Let r(d) = -18*d + 38. Let p(s) = -7*q(s) + 6*r(s). List the prime factors of p(k).
2, 17
Let t(m) = m - 15. Let h be t(15). Suppose h = 4*v - 16, 0*d + 904 = 2*d - 5*v. Suppose -4*i + 5*p + d = -i, 0 = 2*p. What are the prime factors of i?
2, 7, 11
Let k(m) = 3*m**2 - 70*m - 77. List the prime factors of k(26).
131
List the prime factors of -4 + (-90111)/(-51) - (-18)/153.
41, 43
Let j = 106 - 95. Suppose j*p - 7524 = -7*p. What are the prime factors of p?
2, 11, 19
Suppose -8661 = -20*y + 319. Let l = y - -40. What are the prime factors of l?
3, 163
Let s = -196 - -198. Suppose 4*u - 2*k - 69 = 1193, -5*u - s*k + 1582 = 0. What are the prime factors of u?
2, 79
Let i = 25 + -23. Suppose -2*b = -i*p, 5 = 5*p - 5. Suppose k = -3*v + 143, 0*v - b*k = 2*v - 102. What are the prime factors of v?
2, 23
Let m(t) = -4*t**3 - 125*t**2 - 2595*t - 4. List the prime factors of m(-18).
2, 14767
Suppose -20*c + 29632 = -0*c - 12608. List the prime factors of c.
2, 3, 11
Suppose z + 2*q = 181, 0 = -2*z + q - 32 + 419. Let n(h) = -14*h**2. Let o be n(2). Let j = o + z. What are the prime factors of j?
3, 5
Let f = 937 - 914. Let h(j) = -j**3 - 22*j**2 - 27*j - 8. Let d(c) = -c**3 + c - 1. Let g(k) = 2*d(k) - h(k). List the prime factors of g(f).
2, 3
Suppose 25 = -4*w - 3*j - 227, 4*w = 3*j - 252. Let n = w + 63. Suppose n = g + 2*g - 252. List the prime factors of g.
2, 3, 7
Let i(s) = 47*s + 278. Let c be i(-7). Let f = 274 - 155. Let j = f + c. List the prime factors of j.
2, 17
Let m(j) = -j - 7. Let k be m(-11). Suppose 0 = w - 4*v - 274, -3*w + 795 = -k*v + v. Suppose -428 - w = -5*z. What are the prime factors of z?
2, 3, 23
Suppose -17*r = -2*n - 12*r + 5701, -3*n = -4*r - 8534. List the prime factors of n.
2, 3, 11, 43
Let a be 7/(-14) + (-39)/(-6). Suppose 4*d = a*d - 4. List the prime factors of 15/1*(52/6)/d.
5, 13
Let v be (-9240)/(-245) - 2/(-7). Suppose -34*t = -v*t + 3884. What are the prime factors of t?
971
Let z(f) = -2*f**3 + 5*f**2 - 8*f + 7. Let t be 22/22 + -6*1. What are the prime factors of z(t)?
2, 211
Let o be 10 - (-2)/(8/(-4)). Suppose 3*z - 215 = -5*m + o*m, -2*z + 142 = -3*m. List the prime factors of z.
7, 11
Let m = 113 + -105. Suppose 4 = -m*g + 4. Suppose -60*i + 62*i - 112 = g. What are the prime factors of i?
2, 7
Suppose 8*h - 6*h = 462. What are the prime factors of 7 + h/(-28) + (-1906)/(-8)?
3, 79
Let w = 257 + -264. List the prime factors of ((-18)/(-42))/3 - 1679/w.
2, 3, 5
Suppose -5*p = -3*f + 9100, 20*f + 9080 = -5*p + 19*f. Let k = p - -2852. What are the prime factors of k?
3, 5, 23
Let c(m) = 33*m + 0*m**3 - 61*m - 22 + 36*m**2 - 2*m**3 + 34*m. List the prime factors of c(9).
2, 5, 149
Let f(x) = 4905*x - 508. List the prime factors of f(6).
2, 14461
Suppose 0 = 5*f + 4*b - 27637, -22091 = -9*f + 5*f + 3*b. Suppose 5*g = -195 + f. List the prime factors of g.
2, 13, 41
Let t = -25 + 21. Let b be (4/(-16))/(2/(-18))*t. What are the prime factors of (-6)/b + (-196)/(-12)?
17
Let b = 646 - 643. Suppose 0 = 3*v + b*n - 1638, 5*n + 2202 = -0*v + 4*v. List the prime factors of v.
2, 137
Let m(i) be the second derivative of -i**5/10 + 3*i**4/2 - i**3 + 17*i**2/2 + 115*i. What are the prime factors of m(7)?
3, 19
Let b = 8816 - 4981. Suppose -3*r = 5*m - 721 - 3154, -5*r - b = -5*m. List the prime factors of m.
2, 193
Let t = 94 + -46. Suppose -2*s - 91 = 5*n, -s + n - 8 = t. Let u = s - -88. What are the prime factors of u?
5, 7
Let i be (-3 + 4 + -4)/1. List the prime factors of 274*i*(-25 - -24).
2, 3, 137
Let g = 157 + -76. Suppose -2*z - g = -837. What are the prime factors of z?
2, 3, 7
Let u(x) = 151*x**2 + 26*x + 99. Let a be u(-4). Let y = a - 1170. What are the prime factors of y?
17, 73
Let n(t) = -44*t + 1. Let k be n(-3). Let q = k + -73. Let r = 178 - q. List the prime factors of r.
2, 59
Let k = 7230 - -1038. List the prime factors of k.
2, 3, 13, 53
Let p(m) = 148*m - 84. Let l = 144 + -138. List the prime factors of p(l).
2, 3, 67
Let w(t) = -t**3 + 6*t**2 - 4*t + 27. Let r be w(6). Suppose r*u = 2*g - 619, 4*u - 971 = -0*g - 3*g. List the prime factors of g.
317
Let y be 3 - 796*(68 + 0). List the prime factors of (-4)/6 + y/(-75).
7, 103
Let n = -123 + 122. Let x(c) = -412*c - 4. What are the prime factors of x(n)?
2, 3, 17
What are the prime factors of (-13 - -9*(-304)/(-192)) + (-29847)/(-4)?
17, 439
Let i(t) = 25*t**2 + 61*t + 173. List the prime factors of i(-14).
4219
Suppose -49740 = 240*d - 245*d. What are the prime factors of d?
2, 3, 829
Suppose 92 = 4*y + 96. List the prime factors of (y + -3 - -11)/(5/250).
2, 5, 7
Let i(u) = -2*u - 32. Let g be i(-18). Suppose 562 = g*y - 146. List the prime factors of y.
3, 59
Let i(k) = -339*k**2 + 8*k - 6. Let q be i(1). Let f = 1706 + q. List the prime factors of f.
37
Suppose -4*z + 5776 = -2*r, 4006 = -5*r - 4*z - 10420. What are the prime factors of r*(91/(-14))/13?
3, 13, 37
Let f be (5 - (-3 - -6)) + 5. Suppose o - b = 160, -4*b = 2*o - f*b - 316. What are the prime factors of o?
2, 41
Let k(p) = 20*p**3 - 7*p**2 - 62*p - 3. List the prime factors of k(8).
9293
Suppose 356*b - 359*b = g - 2544, 5*g = -5*b + 4250. List the prime factors of b.
7, 11
Let n = 3481 - -9692. What are the prime factors of n?
3, 4391
Let h(d) = -d**3 - 23*d**2 - 24*d - 44. Let z be h(-22). Suppose z*f + 5*f = -5*w - 200, 0 = -2*w + 10. Let g = f + 120. What are the prime factors of g?
3, 5
Suppose -3 = -5*o + 3*r, 2*o = 2*r - 2 - 0. Suppose 5*s + 5*x = 0, o*x + 8 + 0 = s. Suppose s*q + t - 12 = 27, -q - t + 22 = 0. What are the prime factors of q?
17
Let b = -4874 - -11281. List the prime factors of b.
43, 149
Let f(a) = 2*a - 22. Let p = -32 + 44. Let v be f(p). Suppose -4*q - v*m + 16 = -46, 0 = -3*q - 4*m + 59. List the prime factors of q.
13
Suppose 4*a - 18 = -16*g + 14*g, -5*a = 4*g - 24. What are the prime factors of (62520/(-80))/((-3)/a)?
2, 521
Suppose 5*u = 15, 3*f = 21*u - 22*u + 41442. What are the prime factors of f?
19, 727
Let g = -59233 - -134414. What are the prime factors of g?
75181
Let r = 30 + -26. Let c be 19386/72 + (-1)/r. Suppose -h + 227 = 4*j + 3, 5*j = -4*h + c. What are the prime factors of j?
3, 19
Let l(t) = t**2 - 18*t + 47. Let v be l(3). Suppose -4*r = -6*r + 4*k + 2612, -4*r + 5174 = v*k. What are the prime factors of r?
2, 3
Let l be 885/(0 - 9/(-6)). Let w = l - 300. Suppose w = 6*a + 104. List the prime factors of a.
31
Let g(s) be the second derivative of -s**5/20 - 7*s**4/4 + 11*s**3/3 - s**2 - 2*s + 43. List the prime factors of g(-23).
2, 5, 11
Let q(f) = 2*f + 33. Let i be ((-2)/4)/(1/56). Let p be q(i). Let g = p + 53. What are the prime factors of g?
2, 3, 5
Suppose -2*j = -4*j + 40. Let z(q) = q**3 + 11*q**2 + 14*q + 40. Let d be z(-10). What are the prime factors of j - (1 + -2 - d)?
3, 7
Suppose 0 = -21*c + 64*c - 60759. What are the prime factors of c?
3, 157
Let i(j) = 115*j + 103. Let y be i(-12). Let m = 1886 + y. List the prime fa